{"id":156,"date":"2018-05-21T20:19:24","date_gmt":"2018-05-21T17:19:24","guid":{"rendered":"http:\/\/www.sakuweb.net\/?page_id=156"},"modified":"2026-01-14T10:57:29","modified_gmt":"2026-01-14T08:57:29","slug":"koulutus","status":"publish","type":"page","link":"https:\/\/www.sakuweb.net\/index.php\/koulutus\/","title":{"rendered":"Koulutus"},"content":{"rendered":"\r\n<h3 class=\"wp-block-heading\">KOULUTUS<\/h3>\r\n\r\n\r\n\r\n<p>Tiedon v\u00e4litt\u00e4minen ja perehdytt\u00e4minen ovat olennainen osa IT-alan ty\u00f6skentely\u00e4 .<br \/>Asiakkaiden perehdytt\u00e4minen uusiin laitteisiin ja sovelluksiin tai vaikkapa omien kotisivujen yll\u00e4pit\u00e4miseen on jatkuvaa jokap\u00e4iv\u00e4ist\u00e4 ty\u00f6t\u00e4.<\/p>\r\n\r\n\r\n\r\n<p>Edell\u00e4mainittujen lis\u00e4ksi minulla on kokemusta my\u00f6s varsinaisesta opetusty\u00f6st\u00e4:<\/p>\r\n\r\n\r\n\r\n<p><b>Suupohjan koulutus- ja ty\u00f6llisyyskuntayhtym\u00e4 Vuoksi <\/b><a href=\"http:\/\/www.vuoksi.fi\" target=\"_blank\" rel=\"noopener noreferrer\">(www.vuoksi.fi)<\/a><\/p>\r\n\r\n\r\n\r\n<ul class=\"wp-block-list\">\r\n<li>Tieto- ja viestint\u00e4tekniikan lehtori 31.08.2018 alkaen<\/li>\r\n<li>M\u00e4\u00e4r\u00e4aikainen tieto- ja viestint\u00e4tekniikan p\u00e4\u00e4toiminen tuntiopettaja lukuvuosina 2015-16, 2016-17, 2017-18 ja 2018-19.<\/li>\r\n<li>Media-assistentti ja datanomikoulutuksen tuntiopettajan sijaisuuksia ajalla 25.1.2010 &#8211; 23.5.2014<\/li>\r\n<\/ul>\r\n\r\n\r\n\r\n<p>Opetusaineina C# ohjelmointi, Pelialan perusteet, ActionScript3, Tietokoneen k\u00e4ytt\u00e4j\u00e4n A- ja AB-ajokorttitutkinnot, sek\u00e4 J\u00e4rjestelm\u00e4n hankinta ja k\u00e4ytt\u00f6\u00f6notto (laitteet ja k\u00e4ytt\u00f6j\u00e4rjestelm\u00e4t).<\/p>\r\n\r\n\r\n\r\n<p><b>Open source \/ Linux -koulutukset<\/b><\/p>\r\n\r\n\r\n\r\n<ul class=\"wp-block-list\">\r\n<li>Avoimet ohjelmistot sis\u00e4lt\u00f6tuotannon tukena 19.4.- 5.5.2012 <a href=\"http:\/\/www.suvimedia.fi\/koulutus\/avoimet-ohjelmistot\" target=\"_blank\" rel=\"noopener noreferrer\">SUVI-MEDIA -hanke<\/a><\/li>\r\n<li>Avoimet ohjelmistot sis\u00e4lt\u00f6tuotannon tukena 25.-26.9.2010 ja 9.-10.10.2010 <a href=\"http:\/\/www.suvimedia.fi\/koulutus\/avoimet-ohjelmistot\" target=\"_blank\" rel=\"noopener noreferrer\">SUVI-MEDIA -hanke<\/a><\/li>\r\n<\/ul>\r\n\r\n\r\n\r\n<p>Kurssilla tutustutaan erilaisiin avoimen l\u00e4hdekoodin -ohjelmistoihin, joita<br \/>hy\u00f6dynt\u00e4\u00e4 sis\u00e4lt\u00f6tuotannossa (kuva, julkaisuohjelmat, video, audio,<br \/>verkkojulkaiseminen). Tavoitteena tuoda tietoa vaihtoehtoisista ratkaisuista ja<br \/>antaa k\u00e4yt\u00e4nn\u00f6n perusteet n\u00e4iden ohjelmien k\u00e4ytt\u00f6\u00f6n. N\u00e4in sis\u00e4lt\u00f6tuotannon<br \/>esteeksi ei muodostuisi kalliit ohjelmistolisenssit.<\/p>\r\n","protected":false},"excerpt":{"rendered":"<p>KOULUTUS Tiedon v\u00e4litt\u00e4minen ja perehdytt\u00e4minen ovat olennainen osa IT-alan ty\u00f6skentely\u00e4 .Asiakkaiden perehdytt\u00e4minen uusiin laitteisiin ja sovelluksiin tai vaikkapa omien kotisivujen yll\u00e4pit\u00e4miseen on jatkuvaa jokap\u00e4iv\u00e4ist\u00e4 ty\u00f6t\u00e4. Edell\u00e4mainittujen lis\u00e4ksi minulla on kokemusta my\u00f6s varsinaisesta opetusty\u00f6st\u00e4: Suupohjan koulutus- ja ty\u00f6llisyyskuntayhtym\u00e4 Vuoksi (www.vuoksi.fi) Tieto- ja viestint\u00e4tekniikan lehtori 31.08.2018 alkaen M\u00e4\u00e4r\u00e4aikainen tieto- ja viestint\u00e4tekniikan p\u00e4\u00e4toiminen tuntiopettaja lukuvuosina 2015-16, 2016-17, 2017-18 [&hellip;]<\/p>\n","protected":false},"author":101011,"featured_media":0,"parent":0,"menu_order":0,"comment_status":"closed","ping_status":"closed","template":"","meta":{"footnotes":""},"class_list":["post-156","page","type-page","status-publish","hentry"],"_links":{"self":[{"href":"https:\/\/www.sakuweb.net\/index.php\/wp-json\/wp\/v2\/pages\/156","targetHints":{"allow":["GET"]}}],"collection":[{"href":"https:\/\/www.sakuweb.net\/index.php\/wp-json\/wp\/v2\/pages"}],"about":[{"href":"https:\/\/www.sakuweb.net\/index.php\/wp-json\/wp\/v2\/types\/page"}],"author":[{"embeddable":true,"href":"https:\/\/www.sakuweb.net\/index.php\/wp-json\/wp\/v2\/users\/101011"}],"replies":[{"embeddable":true,"href":"https:\/\/www.sakuweb.net\/index.php\/wp-json\/wp\/v2\/comments?post=156"}],"version-history":[{"count":9,"href":"https:\/\/www.sakuweb.net\/index.php\/wp-json\/wp\/v2\/pages\/156\/revisions"}],"predecessor-version":[{"id":209,"href":"https:\/\/www.sakuweb.net\/index.php\/wp-json\/wp\/v2\/pages\/156\/revisions\/209"}],"wp:attachment":[{"href":"https:\/\/www.sakuweb.net\/index.php\/wp-json\/wp\/v2\/media?parent=156"}],"curies":[{"name":"wp","href":"https:\/\/api.w.org\/{rel}","templated":true}]}}